-y**2 + y - 1. Let m(a) = -5*a**2 + 8*a - 6. Let c(r) = -m(r) + 6*w(r). What is c(-4)?
-8
Suppose 8 = m - 2*n, m - 2*n - 10 = -m. Let u(i) = 2*i**2 - i**3 + m*i - 2 - i + 0*i**3. Give u(2).
0
Let i(b) = b**2 - b - 4. Let s = -42 - -45. What is i(s)?
2
Let o(k) = -6*k - 3. Let r(w) = w. Suppose 5*j = -0*j - 5. Let f(g) = j*o(g) - 5*r(g). Calculate f(-5).
-2
Let u(g) be the second derivative of -5*g**4/12 + g**3/6 + 8*g. Determine u(1).
-4
Let b(a) = -4*a + 3*a + 27*a**3 + 4*a**2 - 28*a**3. Suppose -6*y + 16 = -2*y. Determine b(y).
-4
Let z be 6/(((-3)/(-2))/(3/(-2))). Let q(u) = u**2 + u - 8. What is q(z)?
22
Let y = 1 + 2. Let k(c) be the third derivative of -c**5/60 + c**4/8 - 2*c**3/3 - 6*c**2. Let z be k(y). Let g(a) = a + 3. Determine g(z).
-1
Let z = -4 + 3. Let m(u) = -u + 1. Let d(y) = -y + 1. Let v(l) = 6*d(l) - 7*m(l). Let t(a) = 10*a - 5. Let h(b) = z*t(b) + 6*v(b). Determine h(2).
-9
Let q = 133 - 133. Let n(o) = -o**3 + o**2 + 33. Determine n(q).
33
Let n(p) = 2*p**3 - 167*p + p**2 + 166*p + 0*p**2 - 3*p**2. Suppose 4*y + 5*d + 17 = 0, 0 = -4*y - 3*d + d - 2. Determine n(y).
6
Let j(p) be the third derivative of -p**4/24 - 17*p**3/6 - 14*p**2. Calculate j(-7).
-10
Let x(t) = -3*t + 5. Let f(o) = -8*o + 15. Let k(w) = 6*f(w) - 17*x(w). Suppose -5*u + 3*l - 37 = 0, -3*u = 4*l + 3 - 4. Calculate k(u).
-10
Let q = 1 - 2. Let u(y) = -4*y**3 + y. Let z(w) = w**3 + w**2 - w. Let f(t) = q*z(t) - u(t). Give f(-1).
-4
Let y(j) = 4*j + 2. Let k(m) = -m**3 - 4*m**2 - m + 3. Let h be k(-2). Calculate y(h).
-10
Let k = 4 - -1. Let u(i) be the third derivative of -i**5/60 + i**4/4 - 5*i**3/6 + 6*i**2. Give u(k).
0
Let n(k) = -4*k + 5. Let u(t) = -5*t + 7. Let l(b) = 4*n(b) - 3*u(b). Let g(j) = -j**3 + 3*j**2 + j - 2. Let r be g(3). Calculate l(r).
-2
Let h(r) be the third derivative of -r**5/60 + 5*r**4/24 - r**3/2 + 21*r**2. Calculate h(5).
-3
Suppose 4*q = 5*r + 12, 2*q - 7*q + 15 = 0. Let c(h) be the first derivative of h**2/2 + 3*h + 1. Calculate c(r).
3
Let r(j) = -j. Let w(p) = p - p**2 + 17 - 17. Let n(l) = -4*r(l) - w(l). What is n(-3)?
0
Let h be 5*(16/(-10))/2. Let a be h/(-3) - 4/(-6). Let b(k) = 2 - 1 - 2*k + 1. Calculate b(a).
-2
Let i(x) be the second derivative of 0*x**2 - 1/60*x**5 - 1/2*x**3 - 1/360*x**6 + 0 + 2*x + 5/24*x**4. Let g(c) be the second derivative of i(c). Give g(-5).
-10
Suppose 3 = -3*r, 11 + 4 = -3*i + 3*r. Let y(j) = j**3 + 7*j**2 + 5*j - 3. Determine y(i).
3
Suppose 0*w = 4*w. Let s(z) = z**3 + z - 4. Give s(w).
-4
Let r(h) = 0*h**2 + 5*h**3 - 8*h + 5*h**2 - 6*h**3 + 2*h**3 - 2. What is r(-6)?
10
Let f(l) be the second derivative of l**5/60 + 5*l**4/24 + l**3 - 4*l**2 - l. Let g(r) be the first derivative of f(r). Give g(-5).
6
Let k(b) = -b**3 + b**2 - 1. Let s = 14 + -12. Calculate k(s).
-5
Let w = 17 + -12. Let g(d) = 0*d + d**2 + 4*d + 2*d - w*d - d**3. What is g(-1)?
1
Let w = 13 + -11. Suppose 3 - 1 = w*z. Let x(a) = -3*a**2 - 1. Determine x(z).
-4
Let j(s) = -s + 5. Let m(n) = n**3 - 2*n**2 - n + 1. Let h be m(2). Let v(i) = i - 1. Let b(x) = h*j(x) - 2*v(x). Determine b(-3).
0
Let f(t) = t**3 - 3*t**2 + 4*t. Let d = -30 + 33. Give f(d).
12
Suppose 0 = 181*m - 176*m - 45. Let k(n) = n - 11. Calculate k(m).
-2
Let w(o) = o**2. Suppose -18*g + 11 + 7 = 0. Give w(g).
1
Let p be -1 + -1 + (-10 - -19). Let r(i) = -i + 1. Let g be r(p). Let m(z) = -z - 8. Give m(g).
-2
Let n = 76 + -78. Let w(z) = 1 + 3*z - 8*z - 2. Let j(h) = h. Let y(p) = n*w(p) - 9*j(p). Calculate y(-4).
-2
Let w(c) be the first derivative of c**2/2 + 7*c - 3. Let z be w(-7). Suppose -l + d + 1 = -1, -2*d - 6 = z. Let i(r) = 8*r**2 + r. What is i(l)?
7
Let p(t) be the first derivative of t**3/2 + t**2 - 3*t + 1. Let o(u) be the first derivative of p(u). Let j = -7 - -5. Give o(j).
-4
Let f(g) = -g**2 + 3*g + 4. Let h be f(3). Let w be 3/((-1)/(h/(-3))). Let s(i) be the second derivative of i**3/2 - 5*i**2/2 + 2*i. What is s(w)?
7
Let d(y) = -3 - 4*y + y**2 - 10*y + 9*y. What is d(6)?
3
Let l(h) = -14*h + 16*h - 2234 + 2231. Let q be (-3)/(-1) + (-1)/1. What is l(q)?
1
Let t(w) be the second derivative of w**5/20 - w**3/6 + 11*w**2/2 - w. Suppose 15 = -3*a + 5*j, a - 2*j = -0*a - 6. Suppose 4*x - 5*x = a. Give t(x).
11
Let d(w) = 8*w**2 + 8*w - 4. Let k(m) = -7*m**2 - 7*m + 3. Let h(q) = -4*d(q) - 5*k(q). What is h(-2)?
7
Let k(l) be the third derivative of -1/60*l**5 - 6*l**2 - 1/2*l**3 + 0 + 0*l - 7/24*l**4. Calculate k(-6).
3
Let z(l) = -l**2 + 4*l - 3. Let m be (-158)/(-14) + 4/(-14). Let o be m/5 - (-2)/(-10). Determine z(o).
1
Suppose -2*v - 5*w = 2*v + 1, 5*w = 2*v - 37. Let p(m) = 4*m + 7. Let j(o) = -11*o - 20. Let z(u) = v*j(u) + 17*p(u). What is z(3)?
5
Let k(v) = 3*v + 11. Let u(q) be the third derivative of q**4/8 - q**3/2 + q**2. Let p be u(2). Let n(o) = -o - 4. Let x(l) = p*k(l) + 8*n(l). Give x(-6).
-5
Let m(x) = x**3 + 5*x**2 + 4. Let h be 3*1*(-2)/(-3). Let q(k) be the third derivative of k**5/60 + k**4/24 + 14*k**2. Let y(c) = h*q(c) - m(c). Give y(-4).
4
Let z(d) be the second derivative of d**4/12 - d**3/6 + 3*d**2/2 - 20*d. Give z(4).
15
Let y(w) = -2*w**3 + w**2 + 4*w + 3. Let z be -1 + -1 - -2 - 14. Let l = 12 + z. Determine y(l).
15
Suppose 0 = 5*r + 15 - 0. Let n(l) be the third derivative of -l**4/24 - 7*l**3/6 + 5*l**2. Determine n(r).
-4
Let y = -4 + 1. Let f be -1 + (-1)/1 + y. Let s(o) = 2*o + 6. What is s(f)?
-4
Let p = -1 + 1. Let n(c) = -c + 0*c + p - 1. Let k = 4 - 0. Give n(k).
-5
Let f(o) = o**2 - 5*o + 1. Let d be f(4). Let p(z) = z**2 + 6*z. Calculate p(d).
-9
Suppose -5*l = -10*l. Let y(z) = -4 - 11 + z**2 + 14 - 3. What is y(l)?
-4
Suppose -5*g + 4 = o + 21, 2*o + g - 2 = 0. Let j(w) = w - 2 + 0 - o*w + w. Calculate j(-4).
2
Let z = -1 + 0. Let x(g) = 11*g**3 + 7*g + 2. Let i(y) = 5*y**3 + 4*y + 1. Let m(l) = -7*i(l) + 4*x(l). Calculate m(z).
-8
Let p(z) = -6*z - 6. Let m(r) = -5*r - 6. Let i(d) = 3*m(d) - 2*p(d). Let v(k) = 4*k + 9. Let t(f) = -7*i(f) - 5*v(f). Give t(0).
-3
Let v(d) = d**3 - 2*d**2 - d**2 + 2*d**2. Calculate v(0).
0
Let b(a) = -4 - 4*a**2 - 66*a + 43*a + 3*a**2 + 31*a. Determine b(7).
3
Let v(c) = c**2 + 11*c + 12. Let o be v(-10). Let h(l) = -l**o - 6*l + 4*l + 2*l + 1 - 10*l**3. What is h(-1)?
10
Suppose 3*r - 15 = 2*t, -3*r - 2*t = -6*t - 21. Let m(k) = 4*k + 4 - r + 0*k + k**2. What is m(-5)?
6
Let f(v) = -7*v. Let y be 105/(-63) + (-2)/6. Calculate f(y).
14
Let r(z) = -z**3 - z. Let y(j) = -4*j**2 + j + 3. Let v(t) = 7*t**2 - 2*t - 5. Let g(q) = 6*v(q) + 10*y(q). Let d(m) = g(m) - r(m). What is d(-3)?
-6
Suppose -4*u + 8*s = 7*s - 15, -5*u + 2*s = -18. Let y(a) be the second derivative of a**5/20 - a**4/4 - 7*a**3/6 + 5*a**2/2 - a. Give y(u).
-7
Let b(h) = h**3 + 3*h**2 - 4*h - 1. Suppose i = -3*i - 16. Determine b(i).
-1
Let t(b) be the third derivative of -b**6/120 - b**5/60 - b**4/24 - b**3/6 + b**2. Let s be 2 + -1 + (1 - -1). Suppose -5*g - s = 7. Give t(g).
5
Let g(j) = -21*j**2 - 2*j - 8 + 22*j**2 + 7. What is g(5)?
14
Let k(w) = -10*w**3 - 8*w**2 + 4*w**3 - 8 + 7*w**3. Determine k(8).
-8
Let a(g) = 4*g**2 + 7*g - 2. Let q(s) = 3*s**2 + 8*s - 3. Let d(b) = 4*a(b) - 5*q(b). What is d(7)?
-28
Let n(b) be the third derivative of b**8/3360 - b**6/720 - b**5/12 + 6*b**2. Let l(z) be the third derivative of n(z). Give l(1).
5
Let q(a) = -a - 1. Let l(z) = -3. Let h(o) = l(o) - 4*q(o). Let r(v) = -2*v - 15. Let p be r(-10). Suppose -2*m + 3*g + 4 = -1, -p*g = -4*m + 9. Determine h(m).
5
Suppose -5*i = -8*i. Let g = -2 - -4. Let f(p) = -2*p + i - p**2 - g + 3 - 2. What is f(-2)?
-1
Let w(t) be the first derivative of -t**4/4 - 4*t**3/3 + 5*t**2/2 - 6*t - 4. Let z = -5 + 8. Let g = -2 - z. Give w(g).
-6
Let a(b) = 0*b**2 - 7 - 2*b + b**2 - 1. Let h = -146 - -152. Determine a(h).
16
Let h be (-27)/18*4/(-2). Let p(q) = -4*q + 4. Calculate p(h).
-8
Let l(v) = 4*v + 24. Let n be l(-6). Let h(x) = -x**3 + x**2 - x + 7. Give h(n).
7
Suppose 0 = -8*x + 3*x + 25. Let f(c) = c + 1. Let m(q) be the third derivative of q**4/24 + q**3/6 - 2*q**2. Let k(p) = -f(p) - m(p). Give k(x).
-12
Suppose 0 = 2*z - 6, 0 = -5*t + z + 18 + 44. Let s = -7 + t. Let j(y) = -y**3 + 6*y**2 - y + 2. What is j(s)?
-4
Let u(j) be the first derivative of 2*j**2 + 49. Determine u(-1).
-4
Let v(x) = -x**2. Let